{"id":1619,"date":"2015-06-09T06:39:54","date_gmt":"2015-06-09T06:39:54","guid":{"rendered":"http:\/\/welfare.cmsmasters.net\/?post_type=profile&#038;p=1619"},"modified":"2025-08-15T02:43:58","modified_gmt":"2025-08-15T02:43:58","slug":"daniel-callo-concha","status":"publish","type":"profile","link":"https:\/\/ciestaam.edu.mx\/publicaciones\/profile\/daniel-callo-concha\/","title":{"rendered":"Daniel Callo-Concha"},"content":{"rendered":"<div id=\"cmsmasters_row_9937a8da5d\" class=\"cmsmasters_row cmsmasters_color_scheme_default cmsmasters_row_top_default cmsmasters_row_bot_default cmsmasters_row_boxed\">\n<div class=\"cmsmasters_row_outer_parent\">\n<div class=\"cmsmasters_row_outer\">\n<div class=\"cmsmasters_row_inner\">\n<div class=\"cmsmasters_row_margin\">\n<div id=\"cmsmasters_column_\" class=\"cmsmasters_column one_first\">\n<div class=\"cmsmasters_column_inner\"><div class=\"cmsmasters_image_336f0915a5 cmsmasters_img  cmsmasters_image_n\"><img decoding=\"async\" src=\"https:\/\/ciestaam.edu.mx\/publicaciones\/wp-content\/uploads\/2015\/06\/banner-daniel.jpg\" \/><\/div>\n<\/div><\/div>\n<\/div>\n<\/div>\n<\/div>\n<\/div>\n<\/div>\n<div id=\"cmsmasters_row_2e27ed4eb1\" class=\"cmsmasters_row cmsmasters_color_scheme_default cmsmasters_row_top_default cmsmasters_row_bot_default cmsmasters_row_boxed\">\n<div class=\"cmsmasters_row_outer_parent\">\n<div class=\"cmsmasters_row_outer\">\n<div class=\"cmsmasters_row_inner\">\n<div class=\"cmsmasters_row_margin\">\n<div id=\"cmsmasters_column_\" class=\"cmsmasters_column one_first\">\n<div class=\"cmsmasters_column_inner\"><div class=\"cmsmasters_text\">\n<p>Soy cient\u00edfico. Mi enfoque principal es la investigaci\u00f3n para el desarrollo, y me baso en principios y herramientas sist\u00e9micas para implementarla. Durante m\u00e1s de 20 a\u00f1os, he trabajado en Am\u00e9rica Latina y \u00c1frica en temas como captura de carbono, el uso de la biodiversidad, la adaptaci\u00f3n al cambio clim\u00e1tico, la seguridad alimentaria y nutricional, la urbanizaci\u00f3n y la salud p\u00fablica, entre otros.<\/p>\n<p>Me form\u00e9 como ingeniero agr\u00f3nomo (licenciatura e ingenier\u00eda) en la Universidad San Antonio Abad del Cusco, Per\u00fa (1997); obtuve una maestr\u00eda en Agroforester\u00eda en la Universidad Aut\u00f3noma Chapingo, M\u00e9xico (2001); y obtuve un doctorado en Ciencias Agr\u00edcolas en la Universidad de Bonn, Alemania (2009). Durante 2009 y 2010, fui investigador postdoctoral en el Instituto de Ciencias de los Cultivos y Conservaci\u00f3n de Recursos y el Centro de Investigaci\u00f3n para el Desarrollo (ZEF) de la Universidad de Bonn. En 2011, me incorpor\u00e9 como investigador s\u00e9nior del ZEF hasta 2018. Desde 2019, estoy adscrito a la Universidad de Kaiserslautern-Landau como cient\u00edfico y sigo vinculado al ZEF como investigador asociado. Adem\u00e1s, en 2024 puse en marcha un centro acad\u00e9mico biuniversitario: el Grupo de Sistemas Complejos, que actualmente coordino.<\/p>\n<p>He realizado investigaciones en Ben\u00edn, Bolivia, Brasil, Burkina Faso, Cuba, Etiop\u00eda, Ghana, M\u00e9xico y Per\u00fa. Gracias a este trabajo, he producido m\u00e1s de 60 publicaciones cient\u00edficas, incluyendo libros, art\u00edculos cient\u00edficos, cap\u00edtulos de libros, as\u00ed como art\u00edculos de trabajo, de debate y libros blancos. Tambi\u00e9n he impartido conferencias en diversos congresos internacionales y participo regularmente como editor invitado y revisor en diversas revistas cient\u00edficas internacionales.<\/p>\n<p>Asimismo, imparto docencia en varios programas de posgrado y tutorizo y superviso a doctorandos y estudiantes de m\u00e1ster.<\/p>\n<p><a href=\"https:\/\/www.zef.de\/fileadmin\/user_upload\/CV%20Sep%2022.pdf\">Para un CV detallado:<\/a><\/p>\n<p>Aparte de esto, y en general, soy una persona familiar. Junto con mi esposa y nuestro hijo Dami\u00e1n, dedicamos nuestro tiempo a la vida familiar, la cocina, la literatura, la m\u00fasica, el cine, los deportes y las excursiones.<\/p>\n<p>En el poco tiempo que me queda, escribo una serie de art\u00edculos de divulgaci\u00f3n cient\u00edfica: Ciencia et al., que aborda temas en la intersecci\u00f3n de la ciencia y el humanismo; publico la columna quincenal del blog \u00ab2 min desde la Ciencia\u00bb sobre temas sociales emergentes; y realizo proyectos literarios ambiciosos, todo en espa\u00f1ol.<\/p>\n<\/div>\n<\/div><\/div>\n<\/div>\n<\/div>\n<\/div>\n<\/div>\n<\/div>\n\n","protected":false},"excerpt":{"rendered":"<p>Soy cient\u00edfico. Mi enfoque principal es la investigaci\u00f3n para el desarrollo, y me baso en principios y herramientas sist\u00e9micas para implementarla.<\/p>\n","protected":false},"featured_media":15761,"menu_order":0,"comment_status":"closed","ping_status":"open","template":"","meta":{"pagelayer_contact_templates":[],"_pagelayer_content":"","footnotes":""},"pl-categs":[60],"class_list":["post-1619","profile","type-profile","status-publish","has-post-thumbnail","hentry","pl-categs-autores"],"_links":{"self":[{"href":"https:\/\/ciestaam.edu.mx\/publicaciones\/wp-json\/wp\/v2\/profile\/1619","targetHints":{"allow":["GET"]}}],"collection":[{"href":"https:\/\/ciestaam.edu.mx\/publicaciones\/wp-json\/wp\/v2\/profile"}],"about":[{"href":"https:\/\/ciestaam.edu.mx\/publicaciones\/wp-json\/wp\/v2\/types\/profile"}],"replies":[{"embeddable":true,"href":"https:\/\/ciestaam.edu.mx\/publicaciones\/wp-json\/wp\/v2\/comments?post=1619"}],"version-history":[{"count":5,"href":"https:\/\/ciestaam.edu.mx\/publicaciones\/wp-json\/wp\/v2\/profile\/1619\/revisions"}],"predecessor-version":[{"id":15814,"href":"https:\/\/ciestaam.edu.mx\/publicaciones\/wp-json\/wp\/v2\/profile\/1619\/revisions\/15814"}],"wp:featuredmedia":[{"embeddable":true,"href":"https:\/\/ciestaam.edu.mx\/publicaciones\/wp-json\/wp\/v2\/media\/15761"}],"wp:attachment":[{"href":"https:\/\/ciestaam.edu.mx\/publicaciones\/wp-json\/wp\/v2\/media?parent=1619"}],"wp:term":[{"taxonomy":"pl-categs","embeddable":true,"href":"https:\/\/ciestaam.edu.mx\/publicaciones\/wp-json\/wp\/v2\/pl-categs?post=1619"}],"curies":[{"name":"wp","href":"https:\/\/api.w.org\/{rel}","templated":true}]}}

<div id="cmsmasters_row_9937a8da5d" class="cmsmasters_row cmsmasters_color_scheme_default cmsmasters_row_top_default cmsmasters_row_bot_default cmsmasters_row_boxed">
<div class="cmsmasters_row_outer_parent">
<div class="cmsmasters_row_outer">
<div class="cmsmasters_row_inner">
<div class="cmsmasters_row_margin">
<div id="cmsmasters_column_" class="cmsmasters_column one_first">
<div class="cmsmasters_column_inner"><div class="cmsmasters_image_336f0915a5 cmsmasters_img  cmsmasters_image_n"><img decoding="async" src="https://ciestaam.edu.mx/publicaciones/wp-content/uploads/2015/06/banner-daniel.jpg" /></div>
</div></div>
</div>
</div>
</div>
</div>
</div>
<div id="cmsmasters_row_2e27ed4eb1" class="cmsmasters_row cmsmasters_color_scheme_default cmsmasters_row_top_default cmsmasters_row_bot_default cmsmasters_row_boxed">
<div class="cmsmasters_row_outer_parent">
<div class="cmsmasters_row_outer">
<div class="cmsmasters_row_inner">
<div class="cmsmasters_row_margin">
<div id="cmsmasters_column_" class="cmsmasters_column one_first">
<div class="cmsmasters_column_inner"><div class="cmsmasters_text">
<p>Soy científico. Mi enfoque principal es la investigación para el desarrollo, y me baso en principios y herramientas sistémicas para implementarla. Durante más de 20 años, he trabajado en América Latina y África en temas como captura de carbono, el uso de la biodiversidad, la adaptación al cambio climático, la seguridad alimentaria y nutricional, la urbanización y la salud pública, entre otros.</p>
<p>Me formé como ingeniero agrónomo (licenciatura e ingeniería) en la Universidad San Antonio Abad del Cusco, Perú (1997); obtuve una maestría en Agroforestería en la Universidad Autónoma Chapingo, México (2001); y obtuve un doctorado en Ciencias Agrícolas en la Universidad de Bonn, Alemania (2009). Durante 2009 y 2010, fui investigador postdoctoral en el Instituto de Ciencias de los Cultivos y Conservación de Recursos y el Centro de Investigación para el Desarrollo (ZEF) de la Universidad de Bonn. En 2011, me incorporé como investigador sénior del ZEF hasta 2018. Desde 2019, estoy adscrito a la Universidad de Kaiserslautern-Landau como científico y sigo vinculado al ZEF como investigador asociado. Además, en 2024 puse en marcha un centro académico biuniversitario: el Grupo de Sistemas Complejos, que actualmente coordino.</p>
<p>He realizado investigaciones en Benín, Bolivia, Brasil, Burkina Faso, Cuba, Etiopía, Ghana, México y Perú. Gracias a este trabajo, he producido más de 60 publicaciones científicas, incluyendo libros, artículos científicos, capítulos de libros, así como artículos de trabajo, de debate y libros blancos. También he impartido conferencias en diversos congresos internacionales y participo regularmente como editor invitado y revisor en diversas revistas científicas internacionales.</p>
<p>Asimismo, imparto docencia en varios programas de posgrado y tutorizo y superviso a doctorandos y estudiantes de máster.</p>
<p><a href="https://www.zef.de/fileadmin/user_upload/CV%20Sep%2022.pdf">Para un CV detallado:</a></p>
<p>Aparte de esto, y en general, soy una persona familiar. Junto con mi esposa y nuestro hijo Damián, dedicamos nuestro tiempo a la vida familiar, la cocina, la literatura, la música, el cine, los deportes y las excursiones.</p>
<p>En el poco tiempo que me queda, escribo una serie de artículos de divulgación científica: Ciencia et al., que aborda temas en la intersección de la ciencia y el humanismo; publico la columna quincenal del blog «2 min desde la Ciencia» sobre temas sociales emergentes; y realizo proyectos literarios ambiciosos, todo en español.</p>
</div>
</div></div>
</div>
</div>
</div>
</div>
</div>

<p>Soy científico. Mi enfoque principal es la investigación para el desarrollo, y me baso en principios y herramientas sistémicas para implementarla.</p>
